{"id":14,"date":"2024-11-19T10:33:52","date_gmt":"2024-11-19T09:33:52","guid":{"rendered":"https:\/\/waldviertler-forellenhof.at\/wordpress\/?page_id=14"},"modified":"2026-01-15T10:24:19","modified_gmt":"2026-01-15T09:24:19","slug":"kontakt","status":"publish","type":"page","link":"https:\/\/waldviertler-forellenhof.at\/wordpress\/kontakt\/","title":{"rendered":"Kontakt"},"content":{"rendered":"\n<p><\/p>\n\n\n\n<p><\/p>\n\n\n\n<p><strong>Kontaktdaten:<\/strong><br>Waldviertler Forellenhof <br>Eisenbergamt 57<br>3542 Jaidhof<br>02716\/6479<br>waldviertler-forellenhof.at<br><br><br><\/p>\n\n\n\n<p><\/p>\n\n\n\n<p><\/p>\n\n\n\n<p><strong>Anfahrtsplan:<\/strong><\/p>\n\n\n\n<p>Der Forellenhof liegt au\u00dferhalb von Gf\u00f6hl.<br><br>Auf der B 37 (Krems &#8211; Zwettl) von beiden&nbsp;Richtungen kommend, in Gf\u00f6hl die mittlere&nbsp;Abfahrt nehmen und dann Richtung Gars(=links)&nbsp;auf der L 57 weiterfahren.<\/p>\n\n\n\n<p>Nach ca. 3,5 km dem gr\u00fcnen Wegweiser &#8211; Forellenhof (bzw. Gasthaus Winkler, Gf\u00f6hleramt ) &#8211; folgend, links einbiegen.<\/p>\n\n\n\n<p>l&nbsp;Ab dieser Abzweigung ist die Anfahrt zum Forellenhof gut beschildert. Der Stra\u00dfe ca. 2&nbsp;km folgen, beim Gasthaus Winkler vorbei,&nbsp;entlang weiterer gr\u00fcner Forellenhof- Wegweiser.<\/p>\n\n\n\n<p>Bergab fahren bis der beleuchtete Parkplatz beim Forellenhof erreicht ist.<\/p>\n\n\n\n<p>Die meisten Navis funktionieren in dieser Gegend nur bedingt.<\/p>\n\n\n\n<p>Forellenhof Koordinaten: N 46.5578208. E 15.5109279<\/p>\n\n\n\n<p>Bei Anfahrtsproblemen bitte 02716 \/ 6479 (Forellenhof) rufen.<br><\/p>\n\n\n\n<p><\/p>\n\n\n\n<p class=\"has-text-align-center\">\n<iframe src=\"https:\/\/www.google.com\/maps\/embed?pb=!1m18!1m12!1m3!1d81526.71864029834!2d15.539969945686986!3d48.54536860362243!2m3!1f0!2f0!3f0!3m2!1i1024!2i768!4f13.1!3m3!1m2!1s0x477296b4b5e25b51%3A0x4ebf2fbe44821f5a!2sWaldviertler%20Forellenhof!5e0!3m2!1sde!2sat!4v1710618332400!5m2!1sde!2sat\" width=\"850\" height=\"638\" style=\"border:0;\" allowfullscreen=\"\" loading=\"lazy\" referrerpolicy=\"no-referrer-when-downgrade\" align:=\"\" center=\"\">\n<\/iframe>\n<\/p>\n\n\n\n<p class=\"has-text-align-center\"><a href=\"https:\/\/waldviertler-forellenhof.at\/wordpress\/wp-content\/uploads\/2024\/11\/Anfahrt.pdf\" data-type=\"attachment\" data-id=\"188\">Bitte hier klicken zum Speichern und Drucken<\/a><\/p>\n\n\n\n<p class=\"has-text-align-center\"><\/p>\n\n\n\n<div class=\"wp-block-columns is-layout-flex wp-container-core-columns-is-layout-9d6595d7 wp-block-columns-is-layout-flex\">\n<div class=\"wp-block-column is-layout-flow wp-block-column-is-layout-flow\">\n<p class=\"has-text-align-center\"><strong>Geben Sie hier Ihre Adresse ein und lassen Sie sich den schnellsten Weg zu unseren K\u00f6stlichkeiten weisen!<\/strong><\/p>\n\n\n\n<div style=\"width: 100%\">\n<p style=\"text-align:center\">\nZiel Adresse: Eisenbergeramt 57, 3542 Jaidhof\n<\/p>\n<form action=\"http:\/\/maps.google.AT\/maps\" method=\"get\" target=\"_blank\" style=\"text-align: center\">\n<input style=\"width:56%\" type=\"text\" name=\"saddr\" value=\"Start-Adresse: Hier eingeben ...\" onfocus=\"this.value = ''\" \/>\n<input type=\"hidden\" name=\"daddr\" value=\"Eisenbergeramt 57 3542 Jaidhof \" \/>\n<input type=\"submit\" value=\"Route finden!\" \/>\n<\/form>\n<\/div>\n<\/div>\n<\/div>\n\n\n\n<p><\/p>\n","protected":false},"excerpt":{"rendered":"<p>Kontaktdaten:Waldviertler Forellenhof Eisenbergamt 573542 Jaidhof02716\/6479waldviertler-forellenhof.at Anfahrtsplan: Der Forellenhof liegt au\u00dferhalb von Gf\u00f6hl. Auf der B 37 (Krems &#8211; Zwettl) von beiden&nbsp;Richtungen kommend, in Gf\u00f6hl die mittlere&nbsp;Abfahrt nehmen und dann Richtung Gars(=links)&nbsp;auf der L 57 weiterfahren. Nach ca. 3,5 km dem gr\u00fcnen Wegweiser &#8211; Forellenhof (bzw. Gasthaus Winkler, Gf\u00f6hleramt ) &#8211; folgend, links einbiegen. l&nbsp;Ab dieser Abzweigung ist die Anfahrt zum Forellenhof gut beschildert. Der Stra\u00dfe ca. 2&nbsp;km folgen, beim Gasthaus Winkler vorbei,&nbsp;entlang weiterer gr\u00fcner Forellenhof- Wegweiser. Bergab fahren bis der beleuchtete Parkplatz beim Forellenhof erreicht ist. Die meisten Navis funktionieren in dieser Gegend nur bedingt. Forellenhof Koordinaten: N 46.5578208. E 15.5109279 Bei Anfahrtsproblemen bitte 02716 \/ 6479 (Forellenhof) rufen. Bitte hier klicken zum Speichern und Drucken Geben Sie hier Ihre Adresse ein und lassen Sie sich den schnellsten Weg zu unseren K\u00f6stlichkeiten weisen! Ziel Adresse: Eisenbergeramt 57, 3542 Jaidhof<\/p>\n","protected":false},"author":1,"featured_media":0,"parent":0,"menu_order":0,"comment_status":"closed","ping_status":"closed","template":"","meta":{"footnotes":""},"class_list":["post-14","page","type-page","status-publish","hentry"],"_links":{"self":[{"href":"https:\/\/waldviertler-forellenhof.at\/wordpress\/wp-json\/wp\/v2\/pages\/14","targetHints":{"allow":["GET"]}}],"collection":[{"href":"https:\/\/waldviertler-forellenhof.at\/wordpress\/wp-json\/wp\/v2\/pages"}],"about":[{"href":"https:\/\/waldviertler-forellenhof.at\/wordpress\/wp-json\/wp\/v2\/types\/page"}],"author":[{"embeddable":true,"href":"https:\/\/waldviertler-forellenhof.at\/wordpress\/wp-json\/wp\/v2\/users\/1"}],"replies":[{"embeddable":true,"href":"https:\/\/waldviertler-forellenhof.at\/wordpress\/wp-json\/wp\/v2\/comments?post=14"}],"version-history":[{"count":42,"href":"https:\/\/waldviertler-forellenhof.at\/wordpress\/wp-json\/wp\/v2\/pages\/14\/revisions"}],"predecessor-version":[{"id":750,"href":"https:\/\/waldviertler-forellenhof.at\/wordpress\/wp-json\/wp\/v2\/pages\/14\/revisions\/750"}],"wp:attachment":[{"href":"https:\/\/waldviertler-forellenhof.at\/wordpress\/wp-json\/wp\/v2\/media?parent=14"}],"curies":[{"name":"wp","href":"https:\/\/api.w.org\/{rel}","templated":true}]}}